s 345965 prime?
False
Is 5731177 a prime number?
True
Is 12500427 prime?
False
Is 58117 a composite number?
True
Is 5144869 a prime number?
False
Is 5174521 a prime number?
False
Is 17003027 a prime number?
True
Is 6532711 prime?
False
Is 1639427 composite?
False
Is 3169349 a prime number?
True
Is 4170641 a prime number?
True
Is 15861389 a composite number?
False
Is 3926129 prime?
True
Is 12510263 composite?
True
Is 5060078 a prime number?
False
Is 1354123 a composite number?
True
Is 2060557 a prime number?
False
Is 1940077 prime?
False
Is 16122037 a composite number?
False
Is 8768417 composite?
True
Is 7349581 composite?
True
Is 52168511 a prime number?
True
Is 3729697 prime?
True
Is 20540209 a composite number?
False
Is 3654029 composite?
True
Is 39737129 a composite number?
False
Is 32811403 prime?
True
Is 296826181 composite?
True
Is 4899019 composite?
False
Is 17757853 composite?
False
Is 3797931 a composite number?
True
Is 755647 composite?
True
Is 495811 prime?
False
Is 75810619 a composite number?
False
Is 25080631 a prime number?
True
Is 100687997 prime?
False
Is 207285677 composite?
False
Is 213713 a prime number?
True
Is 67587847 a composite number?
False
Is 6629807 composite?
False
Is 47518871 composite?
False
Is 95088899 a prime number?
True
Is 63662639 composite?
False
Is 13441811 prime?
True
Is 25612637 prime?
False
Is 54555371 a composite number?
True
Is 80884967 composite?
False
Is 3724573 prime?
True
Is 2170871 a composite number?
False
Is 1287239 prime?
True
Is 14198813 composite?
True
Is 1730201 prime?
False
Is 81972409 a prime number?
True
Is 765335 prime?
False
Is 10539289 composite?
True
Is 19125407 composite?
True
Is 90930413 prime?
False
Is 64824359 composite?
False
Is 53577899 a composite number?
True
Is 2476911 a prime number?
False
Is 96116441 a prime number?
False
Is 12902341 a composite number?
True
Is 50228639 composite?
False
Is 426755981 a prime number?
False
Is 33855571 prime?
True
Is 2083709 prime?
True
Is 1269701 a composite number?
True
Is 2271437 a prime number?
False
Is 11375309 a composite number?
True
Is 198771073 a prime number?
False
Is 188664347 a composite number?
False
Is 108484241 a composite number?
False
Is 1029551 a prime number?
False
Is 40345717 a prime number?
True
Is 123897751 a prime number?
False
Is 44317403 a prime number?
False
Is 930089 prime?
True
Is 722882 a prime number?
False
Is 455093 a prime number?
True
Is 185998927 prime?
True
Is 249709 composite?
True
Is 2985481 prime?
False
Is 64773447 a prime number?
False
Is 5131019 a prime number?
True
Is 6778939 a prime number?
True
Is 112527854 composite?
True
Is 4361627 a prime number?
False
Is 812587 a composite number?
False
Is 155323121 a prime number?
True
Is 4299089 composite?
False
Is 2277274 composite?
True
Is 21420941 composite?
False
Is 19353203 composite?
True
Is 1236521553 a prime number?
False
Is 455148821 a composite number?
False
Is 64085137 composite?
False
Is 245054497 a composite number?
False
Is 21099514 prime?
False
Is 152730953 a composite number?
False
Is 57010043 composite?
False
Is 663797577 composite?
True
Is 28119433 composite?
False
Is 2817715 a prime number?
False
Is 175965493 prime?
False
Is 62127893 prime?
False
Is 3326887 prime?
True
Is 1411301 a composite number?
True
Is 7252859 prime?
False
Is 381893261 a prime number?
True
Is 74393963 composite?
True
Is 31199759 a prime number?
False
Is 30245197 a prime number?
False
Is 4179173 a prime number?
False
Is 212665655 composite?
True
Is 830555603 composite?
False
Is 30858319 composite?
True
Is 235422127 a composite number?
False
Is 69930677 a composite number?
False
Is 17603557 composite?
True
Is 6410903 a prime number?
False
Is 18984305 composite?
True
Is 19375501 composite?
True
Is 652061869 composite?
True
Is 156297497 prime?
False
Is 24354987 a prime number?
False
Is 147636953 composite?
True
Is 549281 prime?
True
Is 1057781 a composite number?
False
Is 7939541 prime?
False
Is 1527343 a composite number?
True
Is 1636031 composite?
True
Is 419686481 prime?
True
Is 4356101 a composite number?
True
Is 2311613 prime?
True
Is 3769601 a composite number?
True
Is 1785521 composite?
True
Is 442156943 composite?
True
Is 26836109 composite?
False
Is 21726599 prime?
True
Is 3755779 composite?
False
Is 338633569 a composite number?
False
Is 66882997 a composite number?
False
Is 41326661 a prime number?
True
Is 55673473 a prime number?
False
Is 3205255 composite?
True
Is 37020419 prime?
True
Is 25191611 a composite number?
False
Is 49507879 composite?
True
Is 20925715 a prime number?
False
Is 15374119 a prime number?
False
Is 553707397 a prime number?
True
Is 195360938 composite?
True
Is 3253345 composite?
True
Is 19636129 prime?
False
Is 29157371 composite?
True
Is 652551 a prime number?
False
Is 210157 prime?
True
Is 102484951 a composite number?
True
Is 81243013 a composite number?
False
Is 327176501 composite?
False
Is 7499483 prime?
True
Is 17102159 a composite number?
False
Is 16381231 a prime number?
True
Is 3002117 a composite number?
False
Is 494225341 composite?
False
Is 149889569 composite?
False
Is 161290447 a composite number?
True
Is 48297427 composite?
True
Is 170166571 a prime number?
False
Is 854507 a prime number?
False
Is 34534481 prime?
False
Is 4314911 a composite number?
False
Is 4422697 a composite number?
True
Is 556876433 a composite number?
True
Is 443723 a prime number?
False
Is 24682423 composite?
False
Is 3211423 a composite number?
True
Is 11116471 a prime number?
True
Is 135211831 prime?
False
Is 29363557 composite?
False
Is 101883619 a prime number?
False
Is 3269261 prime?
False
Is 799172917 prime?
False
Is 20556857 a composite number?
False
Is 87792007 a composite number?
True
Is 1513643 prime?
False
Is 10889017 prime?
True
Is 32716433 composite?
False
Is 44120191 composite?
True
Is 513248531 prime?
True
Is 14145431 prime?
True
Is 3161117 a prime number?
False
Is 533336909 composite?
True
Is 1486687 composite?
False
Is 1817917 composite?
True
Is 45216905 composite?
True
Is 3507019 prime?
False
Is 1211897 prime?
True
Is 121376093 a prime number?
True
Is 13175441 a prime number?
False
Is 163882673 a composite number?
False
Is 193612319 a prime number?
True
Is 49928537 prime?
True
Is 54911137 a prime number?
False
Is 32548883 a composite number?
True
Is 7543283 composite?
True
Is 7485461 prime?
True
Is 517577129 prime?
True
Is 34431517 composite?
False
Is 936299281 a composite number?
False
Is 17416747 composite?
True
Is 111623719 a prime number?
True
Is 3198898 prime?
False
Is 258469 prime?
True
Is 7272779 a prime number?
True
Is 422775019 a composite number?
False
Is 558485 a prime number?
False
Is 98606923 a composite number?
True
Is 44276851 prime?
True
Is 370215115 prime?
False
Is 54896951 composite?
False
Is 1866331 a prime number?
True
Is 94918051 a prime number?
False
Is 45122551 a composite number?
True
Is 680604497 a composite number?
False
Is 26241715 prime?
False
Is 593857 a composite number?
True
Is 11364827 composite?
True
Is 5448221 a composite number?
False
Is 583618817 a composite number?
False
Is 34737259 prime?
False
Is 6294763 a prime number?
False
Is 11531558 prime?
False
Is 254282449 a composite number?
True
Is 241560719 prime?
True
Is 32652239 a prime number?
False
Is 4195859 prime?
True
Is 74457269 composite?
True
Is 2442149 prime?
False
Is 15300811 prime?
False
Is 14338211 composite?
False
Is 42240659 a composite number?
False
Is 65800291 prime?
True
Is 37912399 prime?
False
Is 12075473 composite?
False
Is 1813579 prime?
True
Is 457789649 a prime number?
True
Is 205839701 composite?
False
Is 9277237 a composite number?
True
Is 11191429 a composite number?
False
Is 40460047 a composite number?
True
Is 30003383 prime?
False
Is 281368319 prime?
True
Is 2890193 prime?
False
Is 3414001 a prime number?
True
Is 12748577 prime?
False
Is 194030297 a prime number?
False
Is 983483 composite?
True
Is 2368507 a composite number?
True
Is 7480397 a composite number?
False
Is 12380889 a composite number?
True
Is 7835054 prime?
False
Is 10621321 composite?
True
Is 996103 composite?
False
Is 148639559 composite?
False
Is 249506 composite?
True
Is 16817189 composite?
True
Is 95738507 prime?
False
Is 16912561 a prime number?
Fals